{"id":8080,"date":"2020-03-03T16:10:25","date_gmt":"2020-03-03T16:10:25","guid":{"rendered":"http:\/\/imoluso.com\/?page_id=8080"},"modified":"2020-03-17T10:15:53","modified_gmt":"2020-03-17T10:15:53","slug":"cote-dargent-portugal","status":"publish","type":"page","link":"https:\/\/imoluso.com\/pt\/cote-dargent-portugal\/","title":{"rendered":"Costa de Prata &#8211; Portugal"},"content":{"rendered":"<p>[vc_row][vc_column width=&#8221;1\/2&#8243;][vc_column_text]A Costa de Prata \u00e9 caracterizada por uma costa rochosa alternada por belas praias onde a natureza \u00e9 variada. Uma regi\u00e3o lindamente preservada, que se estende do Oceano Atl\u00e2ntico ao grupo montanhoso de<br \/>\nSerra Aires e Serra dos Candieiros, Serra do Montejunto, norte de Lisboa.<\/p>\n<p>A proximidade do Aeroporto de Lisboa permite acessibilidade ao resto do mundo.<\/p>\n<p>Est\u00e1 localizado entre a praia da Figueira da Foz, no norte, e a praia da Ericeira, no sul.<\/p>\n<p>As auto-estradas A17 e A8 (Lisboa-Leiria) e A15 (\u00d3bidos-Santar\u00e9m) fornecem acesso onde as viagens se tornam r\u00e1pidas e f\u00e1ceis.<\/p>\n<p>Encontramos l\u00e1 a cidade de Peniche, que \u00e9 o ponto mais ocidental da Europa, com seu porto de pesca. De Peniche, pode-se fazer passeios de barco para as magn\u00edficas Ilhas Berlanga.<\/p>\n<p>As ondas da praia do Baleal atraem surfistas de todo o mundo o ano todo.<\/p>\n<p>A Fortaleza de \u00d3bidos nos leva \u00e0 Idade M\u00e9dia com suas muralhas.<\/p>\n<p>Muitos resorts, compostos por magn\u00edficos campos de golfe, permitir\u00e3o que os jogadores testem suas t\u00e9cnicas, entre Peniche e Foz do Arelho.<\/p>\n<p>Foz do Arelho \u00e9 uma bonita cidade litor\u00e2nea, onde encontramos a maravilhosa Lagoa de \u00d3bidos, que des\u00e1gua no Oceano Atl\u00e2ntico.<\/p>\n<p>A ba\u00eda de S\u00e3o Martinho do Porto, em forma de concha, \u00e9 muito familiar ou crian\u00e7as pequenas podem nadar em seguran\u00e7a.<\/p>\n<p>A cidade de Caldas da Rainha, que deve seu nome \u00e0s fontes termais, \u00e9 uma cidade bastante grande, onde voc\u00ea pode encontrar tudo.<\/p>\n<p>Nazar\u00e9 tem uma das mais antigas tradi\u00e7\u00f5es pesqueiras de Portugal e \u00e9 cada vez mais famosa por suas ondas gigantes, chamando surfistas de todo o mundo.<\/p>\n<p>Tamb\u00e9m vale a pena visitar lugares como o famoso local de peregrina\u00e7\u00e3o de F\u00e1tima, Torres Vedras, Alcoba\u00e7a, Batalha, Leiria etc.<\/p>\n<p>N\u00e3o h\u00e1 falta de sol na Costa de Prata. O clima \u00e9 ameno, saud\u00e1vel e com muito sol durante o inverno. As temperaturas m\u00e1ximas do ver\u00e3o est\u00e3o em torno de 30 graus e as temperaturas do inverno raramente caem abaixo de 15 graus durante o dia e 8 graus \u00e0 noite. A gastronomia da regi\u00e3o \u00e9 muito variada, todas as manh\u00e3s encontramos no mercado de Caldas da Rainha frutas e legumes frescos diretamente dos produtores.<\/p>\n<p>Temos uma grande variedade de doces regionais, como p\u00e3o-de-l\u00f3 do Alfeizer\u00e3o, doces da Tentugal, cavacas. A pastelaria nacional \u00e9 Pastel de Nata.[\/vc_column_text][\/vc_column][vc_column width=&#8221;1\/2&#8243;][vc_single_image image=&#8221;8363&#8243; img_size=&#8221;600&#215;500&#8243; alignment=&#8221;center&#8221;][\/vc_column][\/vc_row]<\/p>\n","protected":false},"excerpt":{"rendered":"<p>[vc_row][vc_column width=&#8221;1\/2&#8243;][vc_column_text]A Costa de Prata \u00e9 caracterizada por uma costa rochosa alternada por belas praias onde a natureza \u00e9 variada. Uma regi\u00e3o lindamente preservada, que se estende do Oceano Atl\u00e2ntico ao grupo montanhoso de Serra Aires e Serra dos Candieiros, Serra do Montejunto, norte de Lisboa. A proximidade do Aeroporto de Lisboa permite acessibilidade ao [&hellip;]<\/p>\n","protected":false},"author":1,"featured_media":0,"parent":0,"menu_order":0,"comment_status":"closed","ping_status":"closed","template":"","meta":{"footnotes":""},"class_list":["post-8080","page","type-page","status-publish","hentry"],"translation":{"provider":"WPGlobus","version":"3.0.2","language":"pt","enabled_languages":["en","fr","pt","es"],"languages":{"en":{"title":true,"content":true,"excerpt":false},"fr":{"title":true,"content":true,"excerpt":false},"pt":{"title":true,"content":true,"excerpt":false},"es":{"title":true,"content":true,"excerpt":false}}},"yoast_head":"<!-- This site is optimized with the Yoast SEO plugin v26.2 - https:\/\/yoast.com\/wordpress\/plugins\/seo\/ -->\n<title>Costa de Prata - Portugal - ImoLuso<\/title>\n<meta name=\"robots\" content=\"index, follow, max-snippet:-1, max-image-preview:large, max-video-preview:-1\" \/>\n<link rel=\"canonical\" href=\"https:\/\/imoluso.com\/pt\/cote-dargent-portugal\/\" \/>\n<meta property=\"og:locale\" content=\"pt_PT\" \/>\n<meta property=\"og:type\" content=\"article\" \/>\n<meta property=\"og:title\" content=\"Costa de Prata - Portugal - ImoLuso\" \/>\n<meta property=\"og:url\" content=\"https:\/\/imoluso.com\/pt\/cote-dargent-portugal\/\" \/>\n<meta property=\"og:site_name\" content=\"ImoLuso\" \/>\n<meta property=\"article:modified_time\" content=\"2020-03-17T10:15:53+00:00\" \/>\n<meta name=\"twitter:card\" content=\"summary_large_image\" \/>\n<meta name=\"twitter:label1\" content=\"Tempo estimado de leitura\" \/>\n\t<meta name=\"twitter:data1\" content=\"9 minutos\" \/>\n<script type=\"application\/ld+json\" class=\"yoast-schema-graph\">{\"@context\":\"https:\/\/schema.org\",\"@graph\":[{\"@type\":\"WebPage\",\"@id\":\"https:\/\/imoluso.com\/pt\/cote-dargent-portugal\/\",\"url\":\"https:\/\/imoluso.com\/pt\/cote-dargent-portugal\/\",\"name\":\"Costa de Prata - Portugal - ImoLuso\",\"isPartOf\":{\"@id\":\"https:\/\/imoluso.com\/#website\"},\"datePublished\":\"2020-03-03T16:10:25+00:00\",\"dateModified\":\"2020-03-17T10:15:53+00:00\",\"breadcrumb\":{\"@id\":\"https:\/\/imoluso.com\/pt\/cote-dargent-portugal\/#breadcrumb\"},\"inLanguage\":\"pt-PT\",\"potentialAction\":[{\"@type\":\"ReadAction\",\"target\":[\"https:\/\/imoluso.com\/pt\/cote-dargent-portugal\/\"]}]},{\"@type\":\"BreadcrumbList\",\"@id\":\"https:\/\/imoluso.com\/pt\/cote-dargent-portugal\/#breadcrumb\",\"itemListElement\":[{\"@type\":\"ListItem\",\"position\":1,\"name\":\"In\u00edcio\",\"item\":\"https:\/\/imoluso.com\/\"},{\"@type\":\"ListItem\",\"position\":2,\"name\":\"Costa de Prata &#8211; Portugal\"}]},{\"@type\":\"WebSite\",\"@id\":\"https:\/\/imoluso.com\/#website\",\"url\":\"https:\/\/imoluso.com\/\",\"name\":\"ImoLuso\",\"description\":\"\",\"potentialAction\":[{\"@type\":\"SearchAction\",\"target\":{\"@type\":\"EntryPoint\",\"urlTemplate\":\"https:\/\/imoluso.com\/?s={search_term_string}\"},\"query-input\":{\"@type\":\"PropertyValueSpecification\",\"valueRequired\":true,\"valueName\":\"search_term_string\"}}],\"inLanguage\":\"pt-PT\"}]}<\/script>\n<!-- \/ Yoast SEO plugin. -->","yoast_head_json":{"title":"Costa de Prata - Portugal - ImoLuso","robots":{"index":"index","follow":"follow","max-snippet":"max-snippet:-1","max-image-preview":"max-image-preview:large","max-video-preview":"max-video-preview:-1"},"canonical":"https:\/\/imoluso.com\/pt\/cote-dargent-portugal\/","og_locale":"pt_PT","og_type":"article","og_title":"Costa de Prata - Portugal - ImoLuso","og_url":"https:\/\/imoluso.com\/pt\/cote-dargent-portugal\/","og_site_name":"ImoLuso","article_modified_time":"2020-03-17T10:15:53+00:00","twitter_card":"summary_large_image","twitter_misc":{"Tempo estimado de leitura":"9 minutos"},"schema":{"@context":"https:\/\/schema.org","@graph":[{"@type":"WebPage","@id":"https:\/\/imoluso.com\/pt\/cote-dargent-portugal\/","url":"https:\/\/imoluso.com\/pt\/cote-dargent-portugal\/","name":"Costa de Prata - Portugal - ImoLuso","isPartOf":{"@id":"https:\/\/imoluso.com\/#website"},"datePublished":"2020-03-03T16:10:25+00:00","dateModified":"2020-03-17T10:15:53+00:00","breadcrumb":{"@id":"https:\/\/imoluso.com\/pt\/cote-dargent-portugal\/#breadcrumb"},"inLanguage":"pt-PT","potentialAction":[{"@type":"ReadAction","target":["https:\/\/imoluso.com\/pt\/cote-dargent-portugal\/"]}]},{"@type":"BreadcrumbList","@id":"https:\/\/imoluso.com\/pt\/cote-dargent-portugal\/#breadcrumb","itemListElement":[{"@type":"ListItem","position":1,"name":"In\u00edcio","item":"https:\/\/imoluso.com\/"},{"@type":"ListItem","position":2,"name":"Costa de Prata &#8211; Portugal"}]},{"@type":"WebSite","@id":"https:\/\/imoluso.com\/#website","url":"https:\/\/imoluso.com\/","name":"ImoLuso","description":"","potentialAction":[{"@type":"SearchAction","target":{"@type":"EntryPoint","urlTemplate":"https:\/\/imoluso.com\/?s={search_term_string}"},"query-input":{"@type":"PropertyValueSpecification","valueRequired":true,"valueName":"search_term_string"}}],"inLanguage":"pt-PT"}]}},"jetpack_sharing_enabled":true,"_links":{"self":[{"href":"https:\/\/imoluso.com\/pt\/wp-json\/wp\/v2\/pages\/8080","targetHints":{"allow":["GET"]}}],"collection":[{"href":"https:\/\/imoluso.com\/pt\/wp-json\/wp\/v2\/pages"}],"about":[{"href":"https:\/\/imoluso.com\/pt\/wp-json\/wp\/v2\/types\/page"}],"author":[{"embeddable":true,"href":"https:\/\/imoluso.com\/pt\/wp-json\/wp\/v2\/users\/1"}],"replies":[{"embeddable":true,"href":"https:\/\/imoluso.com\/pt\/wp-json\/wp\/v2\/comments?post=8080"}],"version-history":[{"count":31,"href":"https:\/\/imoluso.com\/pt\/wp-json\/wp\/v2\/pages\/8080\/revisions"}],"predecessor-version":[{"id":8553,"href":"https:\/\/imoluso.com\/pt\/wp-json\/wp\/v2\/pages\/8080\/revisions\/8553"}],"wp:attachment":[{"href":"https:\/\/imoluso.com\/pt\/wp-json\/wp\/v2\/media?parent=8080"}],"curies":[{"name":"wp","href":"https:\/\/api.w.org\/{rel}","templated":true}]}}

<p>[vc_row][vc_column width=&#8221;1/2&#8243;][vc_column_text]A Costa de Prata é caracterizada por uma costa rochosa alternada por belas praias onde a natureza é variada. Uma região lindamente preservada, que se estende do Oceano Atlântico ao grupo montanhoso de<br />
Serra Aires e Serra dos Candieiros, Serra do Montejunto, norte de Lisboa.</p>
<p>A proximidade do Aeroporto de Lisboa permite acessibilidade ao resto do mundo.</p>
<p>Está localizado entre a praia da Figueira da Foz, no norte, e a praia da Ericeira, no sul.</p>
<p>As auto-estradas A17 e A8 (Lisboa-Leiria) e A15 (Óbidos-Santarém) fornecem acesso onde as viagens se tornam rápidas e fáceis.</p>
<p>Encontramos lá a cidade de Peniche, que é o ponto mais ocidental da Europa, com seu porto de pesca. De Peniche, pode-se fazer passeios de barco para as magníficas Ilhas Berlanga.</p>
<p>As ondas da praia do Baleal atraem surfistas de todo o mundo o ano todo.</p>
<p>A Fortaleza de Óbidos nos leva à Idade Média com suas muralhas.</p>
<p>Muitos resorts, compostos por magníficos campos de golfe, permitirão que os jogadores testem suas técnicas, entre Peniche e Foz do Arelho.</p>
<p>Foz do Arelho é uma bonita cidade litorânea, onde encontramos a maravilhosa Lagoa de Óbidos, que deságua no Oceano Atlântico.</p>
<p>A baía de São Martinho do Porto, em forma de concha, é muito familiar ou crianças pequenas podem nadar em segurança.</p>
<p>A cidade de Caldas da Rainha, que deve seu nome às fontes termais, é uma cidade bastante grande, onde você pode encontrar tudo.</p>
<p>Nazaré tem uma das mais antigas tradições pesqueiras de Portugal e é cada vez mais famosa por suas ondas gigantes, chamando surfistas de todo o mundo.</p>
<p>Também vale a pena visitar lugares como o famoso local de peregrinação de Fátima, Torres Vedras, Alcobaça, Batalha, Leiria etc.</p>
<p>Não há falta de sol na Costa de Prata. O clima é ameno, saudável e com muito sol durante o inverno. As temperaturas máximas do verão estão em torno de 30 graus e as temperaturas do inverno raramente caem abaixo de 15 graus durante o dia e 8 graus à noite. A gastronomia da região é muito variada, todas as manhãs encontramos no mercado de Caldas da Rainha frutas e legumes frescos diretamente dos produtores.</p>
<p>Temos uma grande variedade de doces regionais, como pão-de-ló do Alfeizerão, doces da Tentugal, cavacas. A pastelaria nacional é Pastel de Nata.[/vc_column_text][/vc_column][vc_column width=&#8221;1/2&#8243;][vc_single_image image=&#8221;8363&#8243; img_size=&#8221;600&#215;500&#8243; alignment=&#8221;center&#8221;][/vc_column][/vc_row]</p>

<p>[vc_row][vc_column width=&#8221;1/2&#8243;][vc_column_text]A Costa de Prata é caracterizada por uma costa rochosa alternada por belas praias onde a natureza é variada. Uma região lindamente preservada, que se estende do Oceano Atlântico ao grupo montanhoso de Serra Aires e Serra dos Candieiros, Serra do Montejunto, norte de Lisboa. A proximidade do Aeroporto de Lisboa permite acessibilidade ao [&hellip;]</p>

<!-- This site is optimized with the Yoast SEO plugin v26.2 - https://yoast.com/wordpress/plugins/seo/ -->
<title>Costa de Prata - Portugal - ImoLuso</title>
<meta name="robots" content="index, follow, max-snippet:-1, max-image-preview:large, max-video-preview:-1" />
<link rel="canonical" href="https://imoluso.com/pt/cote-dargent-portugal/" />
<meta property="og:locale" content="pt_PT" />
<meta property="og:type" content="article" />
<meta property="og:title" content="Costa de Prata - Portugal - ImoLuso" />
<meta property="og:url" content="https://imoluso.com/pt/cote-dargent-portugal/" />
<meta property="og:site_name" content="ImoLuso" />
<meta property="article:modified_time" content="2020-03-17T10:15:53+00:00" />
<meta name="twitter:card" content="summary_large_image" />
<meta name="twitter:label1" content="Tempo estimado de leitura" />
	<meta name="twitter:data1" content="9 minutos" />
<script type="application/ld+json" class="yoast-schema-graph">{"@context":"https://schema.org","@graph":[{"@type":"WebPage","@id":"https://imoluso.com/pt/cote-dargent-portugal/","url":"https://imoluso.com/pt/cote-dargent-portugal/","name":"Costa de Prata - Portugal - ImoLuso","isPartOf":{"@id":"https://imoluso.com/#website"},"datePublished":"2020-03-03T16:10:25+00:00","dateModified":"2020-03-17T10:15:53+00:00","breadcrumb":{"@id":"https://imoluso.com/pt/cote-dargent-portugal/#breadcrumb"},"inLanguage":"pt-PT","potentialAction":[{"@type":"ReadAction","target":["https://imoluso.com/pt/cote-dargent-portugal/"]}]},{"@type":"BreadcrumbList","@id":"https://imoluso.com/pt/cote-dargent-portugal/#breadcrumb","itemListElement":[{"@type":"ListItem","position":1,"name":"Início","item":"https://imoluso.com/"},{"@type":"ListItem","position":2,"name":"Costa de Prata &#8211; Portugal"}]},{"@type":"WebSite","@id":"https://imoluso.com/#website","url":"https://imoluso.com/","name":"ImoLuso","description":"","potentialAction":[{"@type":"SearchAction","target":{"@type":"EntryPoint","urlTemplate":"https://imoluso.com/?s={search_term_string}"},"query-input":{"@type":"PropertyValueSpecification","valueRequired":true,"valueName":"search_term_string"}}],"inLanguage":"pt-PT"}]}</script>
<!-- / Yoast SEO plugin. -->

Início
